1142554 - -221?
-1142333
In base 8, what is 276 + 4304644?
4305142
In base 8, what is -127561434 - 5?
-127561441
In base 6, what is 5 + 404121445?
404121454
In base 6, what is -54111 + -3554?
-102105
In base 6, what is -40 - -3453530343?
3453530303
In base 7, what is -5 + 3156155541?
3156155533
In base 12, what is b7 + 3aba3?
3b09a
In base 16, what is -6e9792 + -22?
-6e97b4
In base 4, what is -11010 + -1020212123?
-1020223133
In base 16, what is bd04664 - -1?
bd04665
In base 13, what is -196 + -1a76?
-1c3c
In base 8, what is -13 - -36451005?
36450772
In base 7, what is 406060 + -6504?
366253
In base 16, what is -481cc0 - 20?
-481ce0
In base 7, what is -405431244 + -2?
-405431246
In base 16, what is 22c - -41f9c?
421c8
In base 5, what is 200312 + -24042?
121220
In base 2, what is -101101 + 11001100011110111?
11001100011001010
In base 3, what is 100 + -100202122012?
-100202121212
In base 3, what is 10000201 - -1120111002?
1200111210
In base 15, what is -9e046 - 123?
-9e169
In base 2, what is 1110101011111000010010 - 10101?
1110101011110111111101
In base 3, what is -10102221000021002 + -21?
-10102221000021100
In base 4, what is -210311033122 + -123?
-210311033311
In base 14, what is 293a - -32a?
2c66
In base 14, what is -36258c + 6?
-362586
In base 5, what is -10004232030 - 0?
-10004232030
In base 14, what is -1 + 2ad0492?
2ad0491
In base 16, what is cffe + -e4e?
c1b0
In base 5, what is -300 - -12431433?
12431133
In base 15, what is -458309 - 13?
-45831c
In base 6, what is 1012315052 + 3?
1012315055
In base 13, what is 5 - 336214b1?
-336214a9
In base 16, what is -1 - -4f90683?
4f90682
In base 14, what is -29c4b3 - -70?
-29c443
In base 11, what is -22106 - -317?
-2189a
In base 8, what is -6466 + -16237?
-24725
In base 6, what is -13240025 - 44?
-13240113
In base 15, what is -3a3580 + 68?
-3a3517
In base 14, what is 3 + 21add77?
21add7a
In base 9, what is 2 + -11641487?
-11641485
In base 12, what is 45a3 - -4b1?
4a94
In base 2, what is -100110000110111101110 - 1?
-100110000110111101111
In base 14, what is -489615c - -c?
-4896150
In base 6, what is -110253 - -10113?
-100140
In base 6, what is -145340 + 2132?
-143204
In base 6, what is 30 + 10454155?
10454225
In base 11, what is -613a770 + 3?
-613a768
In base 5, what is -403134241002 + 2?
-403134241000
In base 11, what is 1155 - -5660?
6805
In base 15, what is -e - -1c24b36?
1c24b27
In base 13, what is 3cb012ca - 3?
3cb012c7
In base 13, what is -c2a364 - 5?
-c2a369
In base 2, what is -100000011 - 11001101111010?
-11010001111101
In base 14, what is 9 + -133127?
-13311c
In base 10, what is 862008 - -8?
862016
In base 16, what is -18390b + -24?
-18392f
In base 6, what is -4411 + 344401?
335550
In base 12, what is 6a7 - 929?
-242
In base 3, what is 222000222001200211 + 1?
222000222001200212
In base 6, what is -542441 - 21?
-542502
In base 16, what is 3 - 2acb29?
-2acb26
In base 16, what is 57 + 1446e?
144c5
In base 14, what is 8b9d - -1a7?
8d66
In base 12, what is -31151217 - 2?
-31151219
In base 8, what is -2431 - -3336310?
3333657
In base 14, what is b1 + 1474c?
1481d
In base 5, what is 32 + -40422213?
-40422131
In base 4, what is -1110101102123 + 300?
-1110101101223
In base 6, what is -210 + 5420411?
5420201
In base 7, what is -1 + 355050014?
355050013
In base 12, what is -2 + -43b514?
-43b516
In base 11, what is 3 + -660677?
-660674
In base 3, what is 12 - -2212122021212010?
2212122021212022
In base 13, what is 231 + -1a05b2?
-1a0381
In base 8, what is -45434 + 2543?
-42671
In base 11, what is -39a7319 - -30?
-39a7299
In base 12, what is -5217213 - -21?
-52171b2
In base 6, what is -143 - 30252414?
-30253001
In base 10, what is -66 + 38127?
38061
In base 11, what is -384 - -3a30?
3657
In base 13, what is -76b1 + -40a?
-7abb
In base 13, what is -1890 - 196?
-1a56
In base 12, what is -4557 + -1123?
-567a
In base 4, what is -3222133221 - -103220?
-3222030001
In base 12, what is -248 - -7b693?
7b447
In base 13, what is 8 - 3490a85?
-3490a7a
In base 3, what is -21110 - 1112010122?
-1112102002
In base 15, what is 3457 - 7470?
-4018
In base 2, what is 100100110101110001 - -1011011000?
100101000001001001
In base 2, what is 111000001101 - 11010000001100110?
-11001001001011001
In base 6, what is -21 - -31015540?
31015515
In base 11, what is -12660 + -524a?
-178aa
In base 4, what is -3220013201 + 110?
-3220013031
In base 15, what is 8 - -34d31?
34d39
In base 6, what is 302104013 - 230?
302103343
In base 8, what is 5717547 + 101?
5717650
In base 3, what is 1022212 - -112202122210?
112210222122
In base 15, what is -3d3aae - -4?
-3d3aaa
In base 14, what is 3 - -d71a8?
d71ab
In base 12, what is -452 + -429b3?
-43245
In base 10, what is -2 - -2359439?
2359437
In base 15, what is -4 + 2e48a8a?
2e48a86
In base 16, what is 53cdc + -175?
53b67
In base 8, what is -1357675 - -3235?
-1354440
In base 12, what is 39372aa3 + -6?
39372a99
In base 8, what is 12141126 - -1?
12141127
In base 4, what is 111022322111 + 103?
111022322220
In base 3, what is -20201220010 + 100200?
-20201112110
In base 9, what is -5 + 18765426?
18765421
In base 16, what is 0 + -1f5a1?
-1f5a1
In base 13, what is 37916c - -82?
379221
In base 5, what is 12 - -101121041?
101121103
In base 13, what is 345697 - -37?
345701
In base 2, what is -1100001001 + -1100000011111110011?
-1100000101011111100
In base 7, what is -61465052 - 1?
-61465053
In base 6, what is 32351043435 + 4?
32351043443
In base 9, what is 7870126 - 1?
7870125
In base 3, what is -11 + 102211122220100?
102211122220012
In base 14, what is 1952157 + 3?
195215a
In base 3, what is -10001100122110 + 1110?
-10001100121000
In base 7, what is -662 + -45066?
-46061
In base 11, what is 3a2102025 + 3?
3a2102028
In base 5, what is -1022242 - 11140?
-1033432
In base 13, what is 2c9972 + -41?
2c9931
In base 13, what is -49 + 19102?
19086
In base 8, what is 3 - 774044655?
-774044652
In base 5, what is -24324 + 30210423?
30131044
In base 4, what is -3312011 - -101231233?
31313222
In base 4, what is -3231130201 - 12?
-3231130213
In base 4, what is -2 + 12003132132330?
12003132132322
In base 12, what is -5 + -210b7985?
-210b798a
In base 16, what is 4915b8a - 4?
4915b86
In base 5, what is 101431 - 4444403?
-4342422
In base 16, what is -ff117 - -1a?
-ff0fd
In base 3, what is -1020201010210112 + -11?
-1020201010210200
In base 9, what is -3287 - -253418?
250121
In base 15, what is -15750c - 4?
-157511
In base 3, what is -112 - -122220101120000?
122220101112111
In base 11, what is -1592000 - -34?
-1591a77
In base 10, what is -70 + 9700?
9630
In base 6, what is 0 - -100520334112?
100520334112
In base 5, what is -3 - -20234311242?
20234311234
In base 14, what is -6 + 2adc094?
2adc08c
In base 9, what is -1012 - 3572?
-4584
In base 14, what is -1 + 23997570?
2399756d
In base 3, what is -1202201 - 1120011120?
-1121221021
In base 9, what is -8047082 + -18?
-8047111
In base 16, what is -2 + -24d7a9e?
-24d7aa0
In base 15, what is d1537 + 0?
d1537
In base 5, what is -10 + 1231310300312?
1231310300302
In base 2, what is -100 + -1000101111110101010100001001?
-1000101111110101010100001101
In base 4, what is -11203310222 + 3013?
-11203301203
In base 12, what is -1361814 - -85?
-136174b
In base 2, what is -1011000001000001001 + -111?
-1011000001000010000
In base 8, what is 5672422003 - -3?
5672422006
In base 3, what is 12210 + 2212021010?
2212110220
In base 3, what is -20002120012010 + 1000?
-20002120011010
In base 6, what is 10431 - -315242?
330113
In base 6, what is -2521312 + 4505?
-2512403
In base 14, what is 5bcba187 + 1?
5bcba188
In base 7, what is 61514325 - 43?
61514252
In base 12, what is 1b6b919 + -2?
1b6b917
In base 2, what is -10001011001100110000011 - 101?
-10001011001100110001000
In base 7, what is 430 - 130556?
-130126
In base 3, what is -201 + 12012102212?
12012102011
In base 2, what is 101100 - -11101000111110110?
11101001000100010
In base 11, what is 34aaa + 31?
35030
In base 5, what is 1033 + 211401402?
211402440
In base 2, what is -1 + 1001001010001111000011?
1001001010001111000010
In base 12, what is -4a56177 + -1?
-4a56178
In base 12, what is -69310222 + 4?
-6931021a
In base 5, what is 400032 + 33110?
433142
In base 2, what is 1100000011100001001111001000 - -10?
1100000011100001001111001010
In base 5, w